{"id":156,"date":"2025-09-14T16:48:56","date_gmt":"2025-09-14T14:48:56","guid":{"rendered":"https:\/\/karinefridman.fr\/?page_id=156"},"modified":"2025-09-18T21:33:39","modified_gmt":"2025-09-18T19:33:39","slug":"parentalite-2","status":"publish","type":"page","link":"https:\/\/karinefridman.fr\/?page_id=156","title":{"rendered":"P\u00e9rinatalit\u00e9"},"content":{"rendered":"\n<p class=\"has-text-align-center\"><mark style=\"background-color:rgba(0, 0, 0, 0)\" class=\"has-inline-color has-vivid-cyan-blue-color\">P\u00e9rinatalit\u00e9 &#8211; Guidance Parentale &#8211; Entretien Parents Enfant<\/mark><\/p>\n\n\n\n<p>Devenir parents est un grand bouleversement, parfois ce n\u2019est pas si simple :<br>\u2022 B\u00e9b\u00e9 se fait trop attendre,<br>\u2022 l\u2019anxi\u00e9t\u00e9, le doute, des angoisses apparaissent pendant la grossesse,<br>\u2022 des raisons m\u00e9dicales compliquent son d\u00e9roulement,<br>\u2022 la naissance de B\u00e9b\u00e9 n\u2019a pas apport\u00e9 la joie attendue,<br>\u2022 la tristesse envahit la maman,<br>\u2022 le papa ne trouve pas sa place,<br>\u2022 l\u2019\u00e9quilibre familial est perturb\u00e9.<\/p>\n\n\n\n<p><\/p>\n\n\n\n<p>La <strong>psychologie en p\u00e9rinatalit\u00e9<\/strong> est un champ sp\u00e9cialis\u00e9 de la psychologie qui s\u2019int\u00e9resse aux processus psychiques li\u00e9s \u00e0 la p\u00e9riode entourant la grossesse, la naissance et les premiers mois de vie de l\u2019enfant. Elle englobe l\u2019accompagnement des futurs parents, du b\u00e9b\u00e9 et de la famille dans cette phase de transition.<\/p>\n\n\n\n<p><strong><mark style=\"background-color:rgba(0, 0, 0, 0)\" class=\"has-inline-color has-vivid-cyan-blue-color\">Points cl\u00e9s :<\/mark><\/strong><\/p>\n\n\n\n<ol start=\"1\">\n<li><strong><mark style=\"background-color:rgba(0, 0, 0, 0)\" class=\"has-inline-color has-vivid-cyan-blue-color\">La p\u00e9riode p\u00e9rinatale<\/mark><\/strong>\n<ul>\n<li>Elle couvre le temps de la conception jusqu\u2019aux deux premi\u00e8res ann\u00e9es de l\u2019enfant.<\/li>\n\n\n\n<li>C\u2019est une p\u00e9riode de profondes transformations biologiques, psychologiques et sociales.<\/li>\n<\/ul>\n<\/li>\n\n\n\n<li><strong><mark style=\"background-color:rgba(0, 0, 0, 0)\" class=\"has-inline-color has-vivid-cyan-blue-color\">Les enjeux psychologiques pour les parents<\/mark><\/strong>\n<ul>\n<li><strong>Construction de la parentalit\u00e9<\/strong> : devenir m\u00e8re ou p\u00e8re implique une r\u00e9organisation identitaire.<\/li>\n\n\n\n<li><strong>Ambivalence \u00e9motionnelle<\/strong> : la grossesse et l\u2019arriv\u00e9e d\u2019un enfant peuvent susciter joie, fiert\u00e9, mais aussi anxi\u00e9t\u00e9, doutes ou culpabilit\u00e9.<\/li>\n\n\n\n<li><strong>Vuln\u00e9rabilit\u00e9s sp\u00e9cifiques<\/strong> : risques de d\u00e9pression pr\u00e9natale et post-partum, anxi\u00e9t\u00e9, difficult\u00e9s d\u2019attachement.<\/li>\n<\/ul>\n<\/li>\n\n\n\n<li><strong><mark style=\"background-color:rgba(0, 0, 0, 0)\" class=\"has-inline-color has-vivid-cyan-blue-color\">Les enjeux pour le b\u00e9b\u00e9<\/mark><\/strong>\n<ul>\n<li>Les premiers liens affectifs sont fondamentaux pour le d\u00e9veloppement de l\u2019attachement, de la s\u00e9curit\u00e9 \u00e9motionnelle et des bases de la personnalit\u00e9.<\/li>\n\n\n\n<li>L\u2019interaction pr\u00e9coce (regards, voix, toucher) fa\u00e7onne la communication et le d\u00e9veloppement cognitif.<\/li>\n<\/ul>\n<\/li>\n\n\n\n<li><strong><mark style=\"background-color:rgba(0, 0, 0, 0)\" class=\"has-inline-color has-vivid-cyan-blue-color\">Le r\u00f4le du psychologue en p\u00e9rinatalit\u00e9<\/mark><\/strong>\n<ul>\n<li><strong>Soutien \u00e9motionnel<\/strong> : aider les parents \u00e0 traverser leurs inqui\u00e9tudes et \u00e0 s\u2019adapter aux changements.<\/li>\n\n\n\n<li><strong>Pr\u00e9vention et d\u00e9pistage<\/strong> : identifier pr\u00e9cocement les troubles psychiques (baby blues, d\u00e9pression post-partum, anxi\u00e9t\u00e9 p\u00e9rinatale).<\/li>\n\n\n\n<li><strong>Accompagnement des interactions pr\u00e9coces<\/strong> : favoriser le lien parent-b\u00e9b\u00e9, notamment dans les situations de pr\u00e9maturit\u00e9 ou de s\u00e9paration.<\/li>\n<\/ul>\n<\/li>\n<\/ol>\n\n\n\n<p>En somme, la psychologie en p\u00e9rinatalit\u00e9 vise \u00e0 <strong>accompagner la naissance psychique des parents et de l\u2019enfant<\/strong>, \u00e0 soutenir les liens pr\u00e9coces et \u00e0 pr\u00e9venir les difficult\u00e9s affectives ou relationnelles.<\/p>\n\n\n\n<p>Karine FRIDMAN, Psychologue Clinicienne vous propose des entretiens pour vous aider.<\/p>\n\n\n\n<p class=\"has-text-align-center\">Karine FRIDMAN, Psychologue Clinicienne<br><mark style=\"background-color:rgba(0, 0, 0, 0)\" class=\"has-inline-color has-vivid-cyan-blue-color\">Th\u00e9rapeute par ICV &#8211; Praticienne EFT- P\u00e9rinatalit\u00e9\u00a0 &#8211; Massage b\u00e9b\u00e9<\/mark><br>Tel : 06 64 98 03 73\u00a0 \u2013\u00a0 karine.fridmanpsy@gmail.com<\/p>\n\n\n\n<p class=\"has-text-align-center\"><\/p>\n\n\n\n<p><\/p>\n","protected":false},"excerpt":{"rendered":"<p>P\u00e9rinatalit\u00e9 &#8211; Guidance Parentale &#8211; Entretien Parents Enfant Devenir parents est un grand bouleversement, parfois ce n\u2019est pas si simple :\u2022 B\u00e9b\u00e9 se fait trop attendre,\u2022 l\u2019anxi\u00e9t\u00e9, le doute, des angoisses apparaissent pendant la grossesse,\u2022 des raisons m\u00e9dicales compliquent son d\u00e9roulement,\u2022 la naissance de B\u00e9b\u00e9 n\u2019a pas apport\u00e9 la joie attendue,\u2022 la tristesse envahit la &hellip; <\/p>\n<p class=\"link-more\"><a href=\"https:\/\/karinefridman.fr\/?page_id=156\" class=\"more-link\">Continuer la lecture<span class=\"screen-reader-text\"> de &laquo;&nbsp;P\u00e9rinatalit\u00e9&nbsp;&raquo;<\/span><\/a><\/p>\n","protected":false},"author":1,"featured_media":213,"parent":0,"menu_order":0,"comment_status":"closed","ping_status":"closed","template":"","meta":{"footnotes":""},"_links":{"self":[{"href":"https:\/\/karinefridman.fr\/index.php?rest_route=\/wp\/v2\/pages\/156"}],"collection":[{"href":"https:\/\/karinefridman.fr\/index.php?rest_route=\/wp\/v2\/pages"}],"about":[{"href":"https:\/\/karinefridman.fr\/index.php?rest_route=\/wp\/v2\/types\/page"}],"author":[{"embeddable":true,"href":"https:\/\/karinefridman.fr\/index.php?rest_route=\/wp\/v2\/users\/1"}],"replies":[{"embeddable":true,"href":"https:\/\/karinefridman.fr\/index.php?rest_route=%2Fwp%2Fv2%2Fcomments&post=156"}],"version-history":[{"count":10,"href":"https:\/\/karinefridman.fr\/index.php?rest_route=\/wp\/v2\/pages\/156\/revisions"}],"predecessor-version":[{"id":218,"href":"https:\/\/karinefridman.fr\/index.php?rest_route=\/wp\/v2\/pages\/156\/revisions\/218"}],"wp:featuredmedia":[{"embeddable":true,"href":"https:\/\/karinefridman.fr\/index.php?rest_route=\/wp\/v2\/media\/213"}],"wp:attachment":[{"href":"https:\/\/karinefridman.fr\/index.php?rest_route=%2Fwp%2Fv2%2Fmedia&parent=156"}],"curies":[{"name":"wp","href":"https:\/\/api.w.org\/{rel}","templated":true}]}}