{"id":146,"date":"2025-09-14T16:33:25","date_gmt":"2025-09-14T14:33:25","guid":{"rendered":"https:\/\/karinefridman.fr\/?page_id=146"},"modified":"2026-02-11T14:11:07","modified_gmt":"2026-02-11T13:11:07","slug":"eft","status":"publish","type":"page","link":"https:\/\/karinefridman.fr\/?page_id=146","title":{"rendered":"EFT\u00a0(Emotional Freedom Techniques)"},"content":{"rendered":"\n<p><strong>La lib\u00e9ration \u00e9motionnelle par le tapping<\/strong><\/p>\n\n\n\n<p><strong>Qu\u2019est-ce que l\u2019EFT ?<\/strong><br>L\u2019EFT (Emotional Freedom Techniques), ou technique de lib\u00e9ration \u00e9motionnelle, est une<br>m\u00e9thode douce et naturelle qui associe la psychologie \u00e9nerg\u00e9tique et la stimulation de points d\u2019acupuncture par des tapotements (tapping).<br><strong>Cette pratique permet de lib\u00e9rer les \u00e9motions n\u00e9gatives, r\u00e9duire le stress et r\u00e9\u00e9quilibrer le corps et l\u2019esprit.<\/strong><\/p>\n\n\n\n<p><br><strong>Les origines de l\u2019EFT<\/strong><br>D\u00e9velopp\u00e9e dans les ann\u00e9es 1990 par Gary Craig, l\u2019EFT est issue de la Thought Field<br>Therapy (TFT) du Dr Roger Callahan. Craig a simplifi\u00e9 la m\u00e9thode afin que chacun puisse<br>l\u2019utiliser facilement, aussi bien en s\u00e9ance avec un praticien EFT qu\u2019en <strong>auto-traitement.<\/strong><\/p>\n\n\n\n<p><br><strong>Comment fonctionne l\u2019EFT ?<\/strong><\/p>\n\n\n\n<p><strong><br>L\u2019EFT repose sur deux principes :<\/strong><br>&#8211; Les \u00e9motions d\u00e9sagr\u00e9ables sont li\u00e9es \u00e0 un d\u00e9s\u00e9quilibre \u00e9nerg\u00e9tique.<br>&#8211; En tapotant certains points pr\u00e9cis du visage, du thorax et des mains, tout en verbalisant<br>l\u2019\u00e9motion, on permet au syst\u00e8me nerveux de se calmer et de se r\u00e9\u00e9quilibrer.<br>C\u2019est une approche qui agit \u00e0 la fois sur le mental, le corps et les \u00e9motions.<br><\/p>\n\n\n\n<p><strong>Les bienfaits de l\u2019EFT<\/strong><br>La pratique de l\u2019EFT est reconnue pour ses effets b\u00e9n\u00e9fiques sur :<br>&#8211; la gestion du stress et de l\u2019anxi\u00e9t\u00e9<br>&#8211; la lib\u00e9ration de blocages \u00e9motionnels et de souvenirs douloureux<br>&#8211; l\u2019am\u00e9lioration de la confiance en soi et de l\u2019estime personnelle<br>&#8211; la r\u00e9duction des phobies et compulsions<br>&#8211; le soulagement de certaines douleurs physiques li\u00e9es aux \u00e9motions<br><\/p>\n\n\n\n<p>Des recherches cliniques montrent des r\u00e9sultats encourageants, notamment pour l\u2019anxi\u00e9t\u00e9 et les traumatismes \u00e9motionnels.<\/p>\n\n\n\n<p><strong>Pourquoi choisir l\u2019EFT ?<\/strong><br>L\u2019EFT est de plus en plus populaire car elle est :<\/p>\n\n\n\n<p>&#8211;  naturelle et non invasive<br>&#8211; facile \u00e0 apprendre et \u00e0 pratiquer seul(e)<br>&#8211; rapide et efficace, m\u00eame sur des blocages anciens<br>&#8211; adapt\u00e9e \u00e0 tous les \u00e2ges, des enfants aux adultes<\/p>\n\n\n\n<p><\/p>\n\n\n\n<p><strong>FAQ sur l\u2019EFT<\/strong><br><strong>&#8211; L\u2019EFT est-elle scientifiquement prouv\u00e9e ?<\/strong><br>Oui, plusieurs \u00e9tudes montrent des r\u00e9sultats positifs sur le stress, les phobies et l\u2019anxi\u00e9t\u00e9. La recherche continue \u00e0 explorer ses m\u00e9canismes.<br><strong>&#8211;  Combien de s\u00e9ances d\u2019EFT faut-il ?<\/strong><br>Cela d\u00e9pend de la probl\u00e9matique. Certaines personnes ressentent des am\u00e9liorations en 1 \u00e0 3 s\u00e9ances, d\u2019autres poursuivent un suivi plus long.<br><strong>&#8211; Peut-on pratiquer l\u2019EFT seul(e) ?<\/strong><br>Oui. Apr\u00e8s avoir appris la m\u00e9thode de base, vous pouvez utiliser l\u2019EFT en auto-s\u00e9ance pour<br>g\u00e9rer vos \u00e9motions au quotidien.<br><strong>&#8211; Qui peut b\u00e9n\u00e9ficier de l\u2019EFT ?<\/strong><br>Toute personne souhaitant se lib\u00e9rer du stress, des peurs, des blocages \u00e9motionnels ou<br>am\u00e9liorer son bien-\u00eatre g\u00e9n\u00e9ral.<\/p>\n\n\n\n<p>\u2705 En r\u00e9sum\u00e9, l\u2019EFT (tapping) est une m\u00e9thode simple, efficace et accessible pour retrouver l\u2019\u00e9quilibre \u00e9motionnel. Que ce soit en s\u00e9ance EFT avec un praticien ou en pratique<br>autonome, elle peut devenir un outil pr\u00e9cieux pour votre bien-\u00eatre.<\/p>\n\n\n\n<p><\/p>\n\n\n\n<div class=\"wp-block-file\"><a href=\"blob:https:\/\/karinefridman.fr\/1878e70a-cd37-492a-be3d-d2c82aa7f349\" class=\"wp-block-file__button wp-element-button\" download>T\u00e9l\u00e9charger<\/a><\/div>\n\n\n\n<figure class=\"wp-block-image size-large\"><img loading=\"lazy\" decoding=\"async\" width=\"1024\" height=\"797\" src=\"http:\/\/karinefridman.fr\/wp-content\/uploads\/2025\/09\/point-EFT-1024x797.jpg\" alt=\"\" class=\"wp-image-192\" srcset=\"https:\/\/karinefridman.fr\/wp-content\/uploads\/2025\/09\/point-EFT-1024x797.jpg 1024w, https:\/\/karinefridman.fr\/wp-content\/uploads\/2025\/09\/point-EFT-300x234.jpg 300w, https:\/\/karinefridman.fr\/wp-content\/uploads\/2025\/09\/point-EFT-768x598.jpg 768w, https:\/\/karinefridman.fr\/wp-content\/uploads\/2025\/09\/point-EFT.jpg 1360w\" sizes=\"(max-width: 767px) 89vw, (max-width: 1000px) 54vw, (max-width: 1071px) 543px, 580px\" \/><\/figure>\n\n\n\n<p><\/p>\n\n\n\n<p><\/p>\n\n\n\n<p><\/p>\n\n\n\n<p><\/p>\n\n\n\n<p><\/p>\n\n\n\n<p class=\"has-text-align-center\">Karine FRIDMAN, Psychologue Clinicienne<br><mark style=\"background-color:rgba(0, 0, 0, 0)\" class=\"has-inline-color has-vivid-cyan-blue-color\">Th\u00e9rapeute par ICV &#8211; Praticienne EFT- P\u00e9rinatalit\u00e9&nbsp; &#8211; Massage b\u00e9b\u00e9<\/mark><br>Tel : 06 64 98 03 73&nbsp; \u2013&nbsp; karine.fridmanpsy@gmail.com<\/p>\n","protected":false},"excerpt":{"rendered":"<p>La lib\u00e9ration \u00e9motionnelle par le tapping Qu\u2019est-ce que l\u2019EFT ?L\u2019EFT (Emotional Freedom Techniques), ou technique de lib\u00e9ration \u00e9motionnelle, est unem\u00e9thode douce et naturelle qui associe la psychologie \u00e9nerg\u00e9tique et la stimulation de points d\u2019acupuncture par des tapotements (tapping).Cette pratique permet de lib\u00e9rer les \u00e9motions n\u00e9gatives, r\u00e9duire le stress et r\u00e9\u00e9quilibrer le corps et l\u2019esprit. Les &hellip; <\/p>\n<p class=\"link-more\"><a href=\"https:\/\/karinefridman.fr\/?page_id=146\" class=\"more-link\">Continuer la lecture<span class=\"screen-reader-text\"> de &laquo;&nbsp;EFT\u00a0(Emotional Freedom Techniques)&nbsp;&raquo;<\/span><\/a><\/p>\n","protected":false},"author":1,"featured_media":151,"parent":0,"menu_order":0,"comment_status":"closed","ping_status":"closed","template":"","meta":{"footnotes":""},"_links":{"self":[{"href":"https:\/\/karinefridman.fr\/index.php?rest_route=\/wp\/v2\/pages\/146"}],"collection":[{"href":"https:\/\/karinefridman.fr\/index.php?rest_route=\/wp\/v2\/pages"}],"about":[{"href":"https:\/\/karinefridman.fr\/index.php?rest_route=\/wp\/v2\/types\/page"}],"author":[{"embeddable":true,"href":"https:\/\/karinefridman.fr\/index.php?rest_route=\/wp\/v2\/users\/1"}],"replies":[{"embeddable":true,"href":"https:\/\/karinefridman.fr\/index.php?rest_route=%2Fwp%2Fv2%2Fcomments&post=146"}],"version-history":[{"count":14,"href":"https:\/\/karinefridman.fr\/index.php?rest_route=\/wp\/v2\/pages\/146\/revisions"}],"predecessor-version":[{"id":223,"href":"https:\/\/karinefridman.fr\/index.php?rest_route=\/wp\/v2\/pages\/146\/revisions\/223"}],"wp:featuredmedia":[{"embeddable":true,"href":"https:\/\/karinefridman.fr\/index.php?rest_route=\/wp\/v2\/media\/151"}],"wp:attachment":[{"href":"https:\/\/karinefridman.fr\/index.php?rest_route=%2Fwp%2Fv2%2Fmedia&parent=146"}],"curies":[{"name":"wp","href":"https:\/\/api.w.org\/{rel}","templated":true}]}}